{"id":2,"date":"2021-11-18T17:45:39","date_gmt":"2021-11-18T16:45:39","guid":{"rendered":"http:\/\/tregorsonore.fr\/?page_id=2"},"modified":"2023-01-24T15:47:42","modified_gmt":"2023-01-24T14:47:42","slug":"sonference-n5","status":"publish","type":"page","link":"https:\/\/tregorsonore.fr\/index.php\/sonferences-du-tregor\/sonference-n5\/","title":{"rendered":"N\u00b05 Science &#8211; Artisanat &#8211; Art"},"content":{"rendered":"\n<p><\/p>\n\n\n\n<h2 class=\"wp-block-heading\">Sonf\u00e9rence N\u00b05 :<\/h2>\n\n\n\n<p>Cette derni\u00e8re \u00e9dition de l\u2019ann\u00e9e a eu lieu&nbsp;en pr\u00e9sentielle une nuit de temp\u00eate au Village Gaulois de Pleumeur-Bodou sous une hutte Gauloise chauff\u00e9 au feux de bois.&nbsp;La Sonf\u00e9rence est d\u00e9sormais en ligne pour ceux qui n&#8217;ont pas pu se rendre sur place. Vous profiterez \u00e0 distance de la m\u00eame qualit\u00e9 d\u2019immersion que les personnes en pr\u00e9sentiel gr\u00e2ce au son binaural.<\/p>\n\n\n\n<figure class=\"wp-block-gallery columns-3 is-cropped wp-block-gallery-1 is-layout-flex wp-block-gallery-is-layout-flex\"><ul class=\"blocks-gallery-grid\"><li class=\"blocks-gallery-item\"><figure><a href=\"https:\/\/tregorsonore.fr\/wp-content\/uploads\/2021\/12\/IMG_20211208_183533-scaled.jpg\"><img loading=\"lazy\" decoding=\"async\" width=\"576\" height=\"1024\" src=\"https:\/\/tregorsonore.fr\/wp-content\/uploads\/2021\/12\/IMG_20211208_183533-576x1024.jpg\" alt=\"\" data-id=\"158\" data-full-url=\"https:\/\/tregorsonore.fr\/wp-content\/uploads\/2021\/12\/IMG_20211208_183533-scaled.jpg\" data-link=\"https:\/\/tregorsonore.fr\/index.php\/sonferences-du-tregor\/sonference-n5\/img_20211208_183533\/\" class=\"wp-image-158\" srcset=\"https:\/\/tregorsonore.fr\/wp-content\/uploads\/2021\/12\/IMG_20211208_183533-576x1024.jpg 576w, https:\/\/tregorsonore.fr\/wp-content\/uploads\/2021\/12\/IMG_20211208_183533-169x300.jpg 169w, https:\/\/tregorsonore.fr\/wp-content\/uploads\/2021\/12\/IMG_20211208_183533-768x1365.jpg 768w, https:\/\/tregorsonore.fr\/wp-content\/uploads\/2021\/12\/IMG_20211208_183533-864x1536.jpg 864w, https:\/\/tregorsonore.fr\/wp-content\/uploads\/2021\/12\/IMG_20211208_183533-1152x2048.jpg 1152w, https:\/\/tregorsonore.fr\/wp-content\/uploads\/2021\/12\/IMG_20211208_183533-scaled.jpg 1440w\" sizes=\"auto, (max-width: 576px) 100vw, 576px\" \/><\/a><\/figure><\/li><li class=\"blocks-gallery-item\"><figure><a href=\"https:\/\/tregorsonore.fr\/wp-content\/uploads\/2021\/12\/IMG_20211208_191222-scaled.jpg\"><img loading=\"lazy\" decoding=\"async\" width=\"1024\" height=\"576\" src=\"https:\/\/tregorsonore.fr\/wp-content\/uploads\/2021\/12\/IMG_20211208_191222-1024x576.jpg\" alt=\"\" data-id=\"159\" data-full-url=\"https:\/\/tregorsonore.fr\/wp-content\/uploads\/2021\/12\/IMG_20211208_191222-scaled.jpg\" data-link=\"https:\/\/tregorsonore.fr\/index.php\/sonferences-du-tregor\/sonference-n5\/img_20211208_191222\/\" class=\"wp-image-159\" srcset=\"https:\/\/tregorsonore.fr\/wp-content\/uploads\/2021\/12\/IMG_20211208_191222-1024x576.jpg 1024w, https:\/\/tregorsonore.fr\/wp-content\/uploads\/2021\/12\/IMG_20211208_191222-300x169.jpg 300w, https:\/\/tregorsonore.fr\/wp-content\/uploads\/2021\/12\/IMG_20211208_191222-768x432.jpg 768w, https:\/\/tregorsonore.fr\/wp-content\/uploads\/2021\/12\/IMG_20211208_191222-1536x864.jpg 1536w, https:\/\/tregorsonore.fr\/wp-content\/uploads\/2021\/12\/IMG_20211208_191222-2048x1152.jpg 2048w\" sizes=\"auto, (max-width: 767px) 89vw, (max-width: 1000px) 54vw, (max-width: 1071px) 543px, 580px\" \/><\/a><\/figure><\/li><li class=\"blocks-gallery-item\"><figure><a href=\"https:\/\/tregorsonore.fr\/wp-content\/uploads\/2021\/12\/IMG_20211208_191358-scaled.jpg\"><img loading=\"lazy\" decoding=\"async\" width=\"576\" height=\"1024\" src=\"https:\/\/tregorsonore.fr\/wp-content\/uploads\/2021\/12\/IMG_20211208_191358-576x1024.jpg\" alt=\"\" data-id=\"160\" data-full-url=\"https:\/\/tregorsonore.fr\/wp-content\/uploads\/2021\/12\/IMG_20211208_191358-scaled.jpg\" data-link=\"https:\/\/tregorsonore.fr\/index.php\/sonferences-du-tregor\/sonference-n5\/img_20211208_191358\/\" class=\"wp-image-160\" srcset=\"https:\/\/tregorsonore.fr\/wp-content\/uploads\/2021\/12\/IMG_20211208_191358-576x1024.jpg 576w, https:\/\/tregorsonore.fr\/wp-content\/uploads\/2021\/12\/IMG_20211208_191358-169x300.jpg 169w, https:\/\/tregorsonore.fr\/wp-content\/uploads\/2021\/12\/IMG_20211208_191358-768x1365.jpg 768w, https:\/\/tregorsonore.fr\/wp-content\/uploads\/2021\/12\/IMG_20211208_191358-864x1536.jpg 864w, https:\/\/tregorsonore.fr\/wp-content\/uploads\/2021\/12\/IMG_20211208_191358-1152x2048.jpg 1152w, https:\/\/tregorsonore.fr\/wp-content\/uploads\/2021\/12\/IMG_20211208_191358-scaled.jpg 1440w\" sizes=\"auto, (max-width: 576px) 100vw, 576px\" \/><\/a><\/figure><\/li><li class=\"blocks-gallery-item\"><figure><a href=\"https:\/\/tregorsonore.fr\/wp-content\/uploads\/2021\/12\/IMG_20211208_191415-scaled.jpg\"><img loading=\"lazy\" decoding=\"async\" width=\"576\" height=\"1024\" src=\"https:\/\/tregorsonore.fr\/wp-content\/uploads\/2021\/12\/IMG_20211208_191415-576x1024.jpg\" alt=\"\" data-id=\"161\" data-full-url=\"https:\/\/tregorsonore.fr\/wp-content\/uploads\/2021\/12\/IMG_20211208_191415-scaled.jpg\" data-link=\"https:\/\/tregorsonore.fr\/index.php\/sonferences-du-tregor\/sonference-n5\/img_20211208_191415\/\" class=\"wp-image-161\" srcset=\"https:\/\/tregorsonore.fr\/wp-content\/uploads\/2021\/12\/IMG_20211208_191415-576x1024.jpg 576w, https:\/\/tregorsonore.fr\/wp-content\/uploads\/2021\/12\/IMG_20211208_191415-169x300.jpg 169w, https:\/\/tregorsonore.fr\/wp-content\/uploads\/2021\/12\/IMG_20211208_191415-768x1365.jpg 768w, https:\/\/tregorsonore.fr\/wp-content\/uploads\/2021\/12\/IMG_20211208_191415-864x1536.jpg 864w, https:\/\/tregorsonore.fr\/wp-content\/uploads\/2021\/12\/IMG_20211208_191415-1152x2048.jpg 1152w, https:\/\/tregorsonore.fr\/wp-content\/uploads\/2021\/12\/IMG_20211208_191415-scaled.jpg 1440w\" sizes=\"auto, (max-width: 576px) 100vw, 576px\" \/><\/a><\/figure><\/li><li class=\"blocks-gallery-item\"><figure><a href=\"https:\/\/tregorsonore.fr\/wp-content\/uploads\/2021\/12\/IMG_20211208_191538-scaled.jpg\"><img loading=\"lazy\" decoding=\"async\" width=\"1024\" height=\"576\" src=\"https:\/\/tregorsonore.fr\/wp-content\/uploads\/2021\/12\/IMG_20211208_191538-1024x576.jpg\" alt=\"\" data-id=\"162\" data-full-url=\"https:\/\/tregorsonore.fr\/wp-content\/uploads\/2021\/12\/IMG_20211208_191538-scaled.jpg\" data-link=\"https:\/\/tregorsonore.fr\/index.php\/sonferences-du-tregor\/sonference-n5\/img_20211208_191538\/\" class=\"wp-image-162\" srcset=\"https:\/\/tregorsonore.fr\/wp-content\/uploads\/2021\/12\/IMG_20211208_191538-1024x576.jpg 1024w, https:\/\/tregorsonore.fr\/wp-content\/uploads\/2021\/12\/IMG_20211208_191538-300x169.jpg 300w, https:\/\/tregorsonore.fr\/wp-content\/uploads\/2021\/12\/IMG_20211208_191538-768x432.jpg 768w, https:\/\/tregorsonore.fr\/wp-content\/uploads\/2021\/12\/IMG_20211208_191538-1536x864.jpg 1536w, https:\/\/tregorsonore.fr\/wp-content\/uploads\/2021\/12\/IMG_20211208_191538-2048x1152.jpg 2048w\" sizes=\"auto, (max-width: 767px) 89vw, (max-width: 1000px) 54vw, (max-width: 1071px) 543px, 580px\" \/><\/a><\/figure><\/li><li class=\"blocks-gallery-item\"><figure><a href=\"https:\/\/tregorsonore.fr\/wp-content\/uploads\/2021\/12\/IMG_20211208_204645-scaled.jpg\"><img loading=\"lazy\" decoding=\"async\" width=\"1024\" height=\"576\" src=\"https:\/\/tregorsonore.fr\/wp-content\/uploads\/2021\/12\/IMG_20211208_204645-1024x576.jpg\" alt=\"\" data-id=\"163\" data-full-url=\"https:\/\/tregorsonore.fr\/wp-content\/uploads\/2021\/12\/IMG_20211208_204645-scaled.jpg\" data-link=\"https:\/\/tregorsonore.fr\/index.php\/sonferences-du-tregor\/sonference-n5\/img_20211208_204645\/\" class=\"wp-image-163\" srcset=\"https:\/\/tregorsonore.fr\/wp-content\/uploads\/2021\/12\/IMG_20211208_204645-1024x576.jpg 1024w, https:\/\/tregorsonore.fr\/wp-content\/uploads\/2021\/12\/IMG_20211208_204645-300x169.jpg 300w, https:\/\/tregorsonore.fr\/wp-content\/uploads\/2021\/12\/IMG_20211208_204645-768x432.jpg 768w, https:\/\/tregorsonore.fr\/wp-content\/uploads\/2021\/12\/IMG_20211208_204645-1536x864.jpg 1536w, https:\/\/tregorsonore.fr\/wp-content\/uploads\/2021\/12\/IMG_20211208_204645-2048x1152.jpg 2048w\" sizes=\"auto, (max-width: 767px) 89vw, (max-width: 1000px) 54vw, (max-width: 1071px) 543px, 580px\" \/><\/a><\/figure><\/li><li class=\"blocks-gallery-item\"><figure><a href=\"https:\/\/tregorsonore.fr\/wp-content\/uploads\/2021\/12\/IMG_20211208_204657-scaled.jpg\"><img loading=\"lazy\" decoding=\"async\" width=\"1024\" height=\"576\" src=\"https:\/\/tregorsonore.fr\/wp-content\/uploads\/2021\/12\/IMG_20211208_204657-1024x576.jpg\" alt=\"\" data-id=\"164\" data-full-url=\"https:\/\/tregorsonore.fr\/wp-content\/uploads\/2021\/12\/IMG_20211208_204657-scaled.jpg\" data-link=\"https:\/\/tregorsonore.fr\/index.php\/sonferences-du-tregor\/sonference-n5\/img_20211208_204657\/\" class=\"wp-image-164\" srcset=\"https:\/\/tregorsonore.fr\/wp-content\/uploads\/2021\/12\/IMG_20211208_204657-1024x576.jpg 1024w, https:\/\/tregorsonore.fr\/wp-content\/uploads\/2021\/12\/IMG_20211208_204657-300x169.jpg 300w, https:\/\/tregorsonore.fr\/wp-content\/uploads\/2021\/12\/IMG_20211208_204657-768x432.jpg 768w, https:\/\/tregorsonore.fr\/wp-content\/uploads\/2021\/12\/IMG_20211208_204657-1536x864.jpg 1536w, https:\/\/tregorsonore.fr\/wp-content\/uploads\/2021\/12\/IMG_20211208_204657-2048x1152.jpg 2048w\" sizes=\"auto, (max-width: 767px) 89vw, (max-width: 1000px) 54vw, (max-width: 1071px) 543px, 580px\" \/><\/a><\/figure><\/li><li class=\"blocks-gallery-item\"><figure><a href=\"https:\/\/tregorsonore.fr\/wp-content\/uploads\/2021\/12\/IMG_20211208_204701-scaled.jpg\"><img loading=\"lazy\" decoding=\"async\" width=\"1024\" height=\"576\" src=\"https:\/\/tregorsonore.fr\/wp-content\/uploads\/2021\/12\/IMG_20211208_204701-1024x576.jpg\" alt=\"\" data-id=\"165\" data-full-url=\"https:\/\/tregorsonore.fr\/wp-content\/uploads\/2021\/12\/IMG_20211208_204701-scaled.jpg\" data-link=\"https:\/\/tregorsonore.fr\/index.php\/sonferences-du-tregor\/sonference-n5\/img_20211208_204701\/\" class=\"wp-image-165\" srcset=\"https:\/\/tregorsonore.fr\/wp-content\/uploads\/2021\/12\/IMG_20211208_204701-1024x576.jpg 1024w, https:\/\/tregorsonore.fr\/wp-content\/uploads\/2021\/12\/IMG_20211208_204701-300x169.jpg 300w, https:\/\/tregorsonore.fr\/wp-content\/uploads\/2021\/12\/IMG_20211208_204701-768x432.jpg 768w, https:\/\/tregorsonore.fr\/wp-content\/uploads\/2021\/12\/IMG_20211208_204701-1536x864.jpg 1536w, https:\/\/tregorsonore.fr\/wp-content\/uploads\/2021\/12\/IMG_20211208_204701-2048x1152.jpg 2048w\" sizes=\"auto, (max-width: 767px) 89vw, (max-width: 1000px) 54vw, (max-width: 1071px) 543px, 580px\" \/><\/a><\/figure><\/li><\/ul><\/figure>\n\n\n\n<figure class=\"wp-block-image size-large\"><img loading=\"lazy\" decoding=\"async\" width=\"1024\" height=\"55\" src=\"http:\/\/tregorsonore.fr\/wp-content\/uploads\/2021\/12\/onde-copie-1024x55.png\" alt=\"\" class=\"wp-image-13\" srcset=\"https:\/\/tregorsonore.fr\/wp-content\/uploads\/2021\/12\/onde-copie-1024x55.png 1024w, https:\/\/tregorsonore.fr\/wp-content\/uploads\/2021\/12\/onde-copie-300x16.png 300w, https:\/\/tregorsonore.fr\/wp-content\/uploads\/2021\/12\/onde-copie-768x41.png 768w, https:\/\/tregorsonore.fr\/wp-content\/uploads\/2021\/12\/onde-copie-1200x64.png 1200w, https:\/\/tregorsonore.fr\/wp-content\/uploads\/2021\/12\/onde-copie.png 1479w\" sizes=\"auto, (max-width: 767px) 89vw, (max-width: 1000px) 54vw, (max-width: 1071px) 543px, 580px\" \/><\/figure>\n\n\n\n<h2 class=\"wp-block-heading\">8 d\u00e9cembre 2021 :<\/h2>\n\n\n\n<h3 class=\"wp-block-heading\">Science &#8211; Artisanat &#8211; Art : regard crois\u00e9 sur l\u2019int\u00e9r\u00eat de d\u00e9cloisonner les disciplines et de cr\u00e9er des passerelles entre les professionnels afin de faire avancer l&#8217;\u00e9tat des recherches (20h00 &#8211; 21h30)<\/h3>\n\n\n\n<div class=\"wp-block-columns is-layout-flex wp-container-core-columns-is-layout-9d6595d7 wp-block-columns-is-layout-flex\">\n<div class=\"wp-block-column is-layout-flow wp-block-column-is-layout-flow\" style=\"flex-basis:33.33%\">\n<figure class=\"wp-block-image size-large is-style-default\"><img loading=\"lazy\" decoding=\"async\" width=\"681\" height=\"1024\" src=\"http:\/\/tregorsonore.fr\/wp-content\/uploads\/2021\/12\/Projet_LEIA-Audrey-Lecorgne-Julian-Cuvilliez-681x1024.jpg\" alt=\"\" class=\"wp-image-14\" srcset=\"https:\/\/tregorsonore.fr\/wp-content\/uploads\/2021\/12\/Projet_LEIA-Audrey-Lecorgne-Julian-Cuvilliez-681x1024.jpg 681w, https:\/\/tregorsonore.fr\/wp-content\/uploads\/2021\/12\/Projet_LEIA-Audrey-Lecorgne-Julian-Cuvilliez-200x300.jpg 200w, https:\/\/tregorsonore.fr\/wp-content\/uploads\/2021\/12\/Projet_LEIA-Audrey-Lecorgne-Julian-Cuvilliez-768x1154.jpg 768w, https:\/\/tregorsonore.fr\/wp-content\/uploads\/2021\/12\/Projet_LEIA-Audrey-Lecorgne-Julian-Cuvilliez-1022x1536.jpg 1022w, https:\/\/tregorsonore.fr\/wp-content\/uploads\/2021\/12\/Projet_LEIA-Audrey-Lecorgne-Julian-Cuvilliez-1363x2048.jpg 1363w, https:\/\/tregorsonore.fr\/wp-content\/uploads\/2021\/12\/Projet_LEIA-Audrey-Lecorgne-Julian-Cuvilliez-1200x1803.jpg 1200w, https:\/\/tregorsonore.fr\/wp-content\/uploads\/2021\/12\/Projet_LEIA-Audrey-Lecorgne-Julian-Cuvilliez-1980x2976.jpg 1980w, https:\/\/tregorsonore.fr\/wp-content\/uploads\/2021\/12\/Projet_LEIA-Audrey-Lecorgne-Julian-Cuvilliez-scaled.jpg 1703w\" sizes=\"auto, (max-width: 681px) 100vw, 681px\" \/><\/figure>\n<\/div>\n\n\n\n<div class=\"wp-block-column is-layout-flow wp-block-column-is-layout-flow\" style=\"flex-basis:66.66%\">\n<p><strong>Julian Cuvilliez<\/strong>&nbsp;&#8211; Arch\u00e9o-musicologue &#8211; Directeur du P\u00f4le de Recherche d&#8217;Interpr\u00e9tation et d&#8217;Arch\u00e9ologie Exp\u00e9rimentale (PRIAE) , Atelier Skald, Kerpert<\/p>\n\n\n\n<p><strong>Romain Viala<\/strong>&nbsp;&#8211; Directeur du P\u00f4le Innovation de l&#8217;Institut Technologique Europ\u00e9en des M\u00e9tiers de la Musique (ITEMM), Le Mans<\/p>\n\n\n\n<p><strong>Justine Belot<\/strong>&nbsp;&#8211; Factrice Instrumentale, Pleumeur-Bodou<\/p>\n<\/div>\n<\/div>\n\n\n\n<p>La collaboration d\u2019une \u00e9quipe pluridisciplinaire a permis de percer l&#8217;\u00e9nigme du chevalet de lyre m\u00e9rovingienne gr\u00e2ce \u00e0 du projet&nbsp;<a href=\"https:\/\/www.calameo.com\/read\/006549444a58f1d98efed\" target=\"_blank\" rel=\"noreferrer noopener\">LEIA (Lyra Experience Innovative Acoustics)<\/a><\/p>\n\n\n\n<p>\u00c9change autour des m\u00e9thodologies de nouvelle g\u00e9n\u00e9ration et des technologies de pointe appliqu\u00e9es aux domaines de la recherche sur les pratiques instrumentales et artisanales de l&#8217;antiquit\u00e9 et du moyen-\u00e2ge.<\/p>\n\n\n\n<figure class=\"wp-block-embed is-type-video is-provider-youtube wp-block-embed-youtube wp-embed-aspect-16-9 wp-has-aspect-ratio\"><div class=\"wp-block-embed__wrapper\">\n<iframe loading=\"lazy\" title=\"Sonf\u00e9rence N\u00b0 5 - Science - Artisanat - Art\" width=\"525\" height=\"295\" src=\"https:\/\/www.youtube.com\/embed\/-gSR7Ltff-g?feature=oembed\" frameborder=\"0\" allow=\"accelerometer; autoplay; clipboard-write; encrypted-media; gyroscope; picture-in-picture; web-share\" referrerpolicy=\"strict-origin-when-cross-origin\" allowfullscreen><\/iframe>\n<\/div><\/figure>\n\n\n\n<figure class=\"wp-block-image size-large\"><img loading=\"lazy\" decoding=\"async\" width=\"1024\" height=\"55\" src=\"http:\/\/tregorsonore.fr\/wp-content\/uploads\/2021\/12\/onde-copie-1024x55.png\" alt=\"\" class=\"wp-image-13\" srcset=\"https:\/\/tregorsonore.fr\/wp-content\/uploads\/2021\/12\/onde-copie-1024x55.png 1024w, https:\/\/tregorsonore.fr\/wp-content\/uploads\/2021\/12\/onde-copie-300x16.png 300w, https:\/\/tregorsonore.fr\/wp-content\/uploads\/2021\/12\/onde-copie-768x41.png 768w, https:\/\/tregorsonore.fr\/wp-content\/uploads\/2021\/12\/onde-copie-1200x64.png 1200w, https:\/\/tregorsonore.fr\/wp-content\/uploads\/2021\/12\/onde-copie.png 1479w\" sizes=\"auto, (max-width: 767px) 89vw, (max-width: 1000px) 54vw, (max-width: 1071px) 543px, 580px\" \/><\/figure>\n\n\n\n<div class=\"wp-block-image\"><figure class=\"aligncenter size-large is-resized\"><img loading=\"lazy\" decoding=\"async\" src=\"http:\/\/tregorsonore.fr\/wp-content\/uploads\/2021\/12\/LogoTS.png\" alt=\"Tregor Sonore\" class=\"wp-image-6\" width=\"139\" height=\"61\"\/><\/figure><\/div>\n\n\n\n<div class=\"wp-block-image\"><figure class=\"aligncenter size-large is-resized\"><img loading=\"lazy\" decoding=\"async\" src=\"http:\/\/tregorsonore.fr\/wp-content\/uploads\/2021\/12\/logos5-1024x397.png\" alt=\"\" class=\"wp-image-16\" width=\"348\" height=\"134\" srcset=\"https:\/\/tregorsonore.fr\/wp-content\/uploads\/2021\/12\/logos5-1024x397.png 1024w, https:\/\/tregorsonore.fr\/wp-content\/uploads\/2021\/12\/logos5-300x116.png 300w, https:\/\/tregorsonore.fr\/wp-content\/uploads\/2021\/12\/logos5-768x298.png 768w, https:\/\/tregorsonore.fr\/wp-content\/uploads\/2021\/12\/logos5-1536x596.png 1536w, https:\/\/tregorsonore.fr\/wp-content\/uploads\/2021\/12\/logos5-2048x795.png 2048w, https:\/\/tregorsonore.fr\/wp-content\/uploads\/2021\/12\/logos5-1200x466.png 1200w, https:\/\/tregorsonore.fr\/wp-content\/uploads\/2021\/12\/logos5-1980x768.png 1980w\" sizes=\"auto, (max-width: 348px) 100vw, 348px\" \/><\/figure><\/div>\n\n\n\n<figure class=\"wp-block-image size-large\"><img loading=\"lazy\" decoding=\"async\" width=\"1024\" height=\"55\" src=\"http:\/\/tregorsonore.fr\/wp-content\/uploads\/2021\/12\/onde-copie-1024x55.png\" alt=\"\" class=\"wp-image-13\" srcset=\"https:\/\/tregorsonore.fr\/wp-content\/uploads\/2021\/12\/onde-copie-1024x55.png 1024w, https:\/\/tregorsonore.fr\/wp-content\/uploads\/2021\/12\/onde-copie-300x16.png 300w, https:\/\/tregorsonore.fr\/wp-content\/uploads\/2021\/12\/onde-copie-768x41.png 768w, https:\/\/tregorsonore.fr\/wp-content\/uploads\/2021\/12\/onde-copie-1200x64.png 1200w, https:\/\/tregorsonore.fr\/wp-content\/uploads\/2021\/12\/onde-copie.png 1479w\" sizes=\"auto, (max-width: 767px) 89vw, (max-width: 1000px) 54vw, (max-width: 1071px) 543px, 580px\" \/><\/figure>\n\n\n\n<div class=\"wp-block-buttons is-layout-flex wp-block-buttons-is-layout-flex\">\n<div class=\"wp-block-button\"><a class=\"wp-block-button__link\" href=\"http:\/\/tregorsonore.fr\/index.php\/sonferences-du-tregor\/sonference-n4\/\">Sonf\u00e9rence N\u00b04<\/a><\/div>\n\n\n\n<div class=\"wp-block-button\"><a class=\"wp-block-button__link\" href=\"https:\/\/tregorsonore.fr\/index.php\/rendez-vous-a-venir\/\">A venir&#8230;<\/a><\/div>\n<\/div>\n\n\n\n<figure class=\"wp-block-image size-large\"><img loading=\"lazy\" decoding=\"async\" width=\"1024\" height=\"55\" src=\"http:\/\/tregorsonore.fr\/wp-content\/uploads\/2021\/12\/onde-copie-1024x55.png\" alt=\"\" class=\"wp-image-13\" srcset=\"https:\/\/tregorsonore.fr\/wp-content\/uploads\/2021\/12\/onde-copie-1024x55.png 1024w, https:\/\/tregorsonore.fr\/wp-content\/uploads\/2021\/12\/onde-copie-300x16.png 300w, https:\/\/tregorsonore.fr\/wp-content\/uploads\/2021\/12\/onde-copie-768x41.png 768w, https:\/\/tregorsonore.fr\/wp-content\/uploads\/2021\/12\/onde-copie-1200x64.png 1200w, https:\/\/tregorsonore.fr\/wp-content\/uploads\/2021\/12\/onde-copie.png 1479w\" sizes=\"auto, (max-width: 767px) 89vw, (max-width: 1000px) 54vw, (max-width: 1071px) 543px, 580px\" \/><\/figure>\n\n\n\n<figure class=\"wp-block-image size-large\"><img decoding=\"async\" src=\"https:\/\/dim.mcusercontent.com\/cs\/23cbde585876acf0243cedf10\/images\/3afc8f3a-b926-62d1-a967-e3f083c9164a.png?w=564&amp;dpr=2\" alt=\"\"\/><\/figure>\n\n\n\n<p><\/p>\n","protected":false},"excerpt":{"rendered":"<p>Sonf\u00e9rence N\u00b05 : Cette derni\u00e8re \u00e9dition de l\u2019ann\u00e9e a eu lieu&nbsp;en pr\u00e9sentielle une nuit de temp\u00eate au Village Gaulois de Pleumeur-Bodou sous une hutte Gauloise chauff\u00e9 au feux de bois.&nbsp;La Sonf\u00e9rence est d\u00e9sormais en ligne pour ceux qui n&#8217;ont pas pu se rendre sur place. Vous profiterez \u00e0 distance de la m\u00eame qualit\u00e9 d\u2019immersion que &hellip; <\/p>\n<p class=\"link-more\"><a href=\"https:\/\/tregorsonore.fr\/index.php\/sonferences-du-tregor\/sonference-n5\/\" class=\"more-link\">Continue reading<span class=\"screen-reader-text\"> &#8220;N\u00b05 Science &#8211; Artisanat &#8211; Art&#8221;<\/span><\/a><\/p>\n","protected":false},"author":1,"featured_media":0,"parent":33,"menu_order":0,"comment_status":"closed","ping_status":"closed","template":"","meta":{"footnotes":""},"class_list":["post-2","page","type-page","status-publish","hentry"],"_links":{"self":[{"href":"https:\/\/tregorsonore.fr\/index.php\/wp-json\/wp\/v2\/pages\/2","targetHints":{"allow":["GET"]}}],"collection":[{"href":"https:\/\/tregorsonore.fr\/index.php\/wp-json\/wp\/v2\/pages"}],"about":[{"href":"https:\/\/tregorsonore.fr\/index.php\/wp-json\/wp\/v2\/types\/page"}],"author":[{"embeddable":true,"href":"https:\/\/tregorsonore.fr\/index.php\/wp-json\/wp\/v2\/users\/1"}],"replies":[{"embeddable":true,"href":"https:\/\/tregorsonore.fr\/index.php\/wp-json\/wp\/v2\/comments?post=2"}],"version-history":[{"count":16,"href":"https:\/\/tregorsonore.fr\/index.php\/wp-json\/wp\/v2\/pages\/2\/revisions"}],"predecessor-version":[{"id":464,"href":"https:\/\/tregorsonore.fr\/index.php\/wp-json\/wp\/v2\/pages\/2\/revisions\/464"}],"up":[{"embeddable":true,"href":"https:\/\/tregorsonore.fr\/index.php\/wp-json\/wp\/v2\/pages\/33"}],"wp:attachment":[{"href":"https:\/\/tregorsonore.fr\/index.php\/wp-json\/wp\/v2\/media?parent=2"}],"curies":[{"name":"wp","href":"https:\/\/api.w.org\/{rel}","templated":true}]}}