{"id":85,"date":"2021-12-02T17:59:01","date_gmt":"2021-12-02T16:59:01","guid":{"rendered":"http:\/\/tregorsonore.fr\/?page_id=85"},"modified":"2023-01-24T15:46:51","modified_gmt":"2023-01-24T14:46:51","slug":"sonferences-n3","status":"publish","type":"page","link":"https:\/\/tregorsonore.fr\/index.php\/sonferences-du-tregor\/sonferences-n3\/","title":{"rendered":"N\u00b03 Le Savoir-Faire Local"},"content":{"rendered":"\n<h1 class=\"wp-block-heading\">Salon Sonore 2021<\/h1>\n\n\n\n<figure class=\"wp-block-image size-large\"><img loading=\"lazy\" decoding=\"async\" width=\"1024\" height=\"55\" src=\"http:\/\/tregorsonore.fr\/wp-content\/uploads\/2021\/12\/onde-copie-1024x55.png\" alt=\"\" class=\"wp-image-13\" srcset=\"https:\/\/tregorsonore.fr\/wp-content\/uploads\/2021\/12\/onde-copie-1024x55.png 1024w, https:\/\/tregorsonore.fr\/wp-content\/uploads\/2021\/12\/onde-copie-300x16.png 300w, https:\/\/tregorsonore.fr\/wp-content\/uploads\/2021\/12\/onde-copie-768x41.png 768w, https:\/\/tregorsonore.fr\/wp-content\/uploads\/2021\/12\/onde-copie-1200x64.png 1200w, https:\/\/tregorsonore.fr\/wp-content\/uploads\/2021\/12\/onde-copie.png 1479w\" sizes=\"auto, (max-width: 767px) 89vw, (max-width: 1000px) 54vw, (max-width: 1071px) 543px, 580px\" \/><\/figure>\n\n\n\n<h2 class=\"wp-block-heading\"><strong>25 et 26 juin 2021<\/strong> En pr\u00e9sentiel et en direct \u00e0 la brasserie de K\u00e9rampont \u00e0 Lannion<\/h2>\n\n\n\n<p><strong>\u00ab Le savoir-faire local \u00bb <\/strong>: dans la troisi\u00e8me \u00e9dition des Sonf\u00e9rences, Le Tr\u00e9gor Sonore donne la parole aux acteurs locaux. Ce temps fort a pour objectif de permettre aux professionnels du domaine du son et de l\u2019audio du territoire d\u2019exposer leurs travaux, et d\u2019\u00e9changer avec le public. En effet, le Tr\u00e9gor concentre un nombre significatif d\u2019acteurs de premier plan dans le domaine de l\u2019audio, et notamment dans l\u2019innovation.<\/p>\n\n\n\n<p>Cette \u00e9dition a eu lieu \u00e0 la Brasserie de K\u00e9rampont (BK) \u00e0 Lannion avec la pr\u00e9sence d\u2019un public limit\u00e9 qui pour la premi\u00e8re fois a suivi les Sonf\u00e9rences en binaural via un r\u00e9seau de casques. Elles ont \u00e9galement \u00e9t\u00e9 transmises sur internet, en direct, pour ceux qui ne pouvaient pas se rendre sur place. Les participants \u00e0 distance ont profit\u00e9 de la m\u00eame qualit\u00e9 d\u2019immersion que les personnes en pr\u00e9sentiel gr\u00e2ce au son binaural.<\/p>\n\n\n\n<figure class=\"wp-block-gallery columns-3 is-cropped wp-block-gallery-1 is-layout-flex wp-block-gallery-is-layout-flex\"><ul class=\"blocks-gallery-grid\"><li class=\"blocks-gallery-item\"><figure><a href=\"http:\/\/tregorsonore.fr\/wp-content\/uploads\/2021\/12\/IMG_20210626_115445-1-scaled.jpg\"><img loading=\"lazy\" decoding=\"async\" width=\"1024\" height=\"576\" src=\"http:\/\/tregorsonore.fr\/wp-content\/uploads\/2021\/12\/IMG_20210626_115445-1-1024x576.jpg\" alt=\"\" data-id=\"87\" data-full-url=\"http:\/\/tregorsonore.fr\/wp-content\/uploads\/2021\/12\/IMG_20210626_115445-1-scaled.jpg\" data-link=\"http:\/\/tregorsonore.fr\/?attachment_id=87\" class=\"wp-image-87\" srcset=\"https:\/\/tregorsonore.fr\/wp-content\/uploads\/2021\/12\/IMG_20210626_115445-1-1024x576.jpg 1024w, https:\/\/tregorsonore.fr\/wp-content\/uploads\/2021\/12\/IMG_20210626_115445-1-300x169.jpg 300w, https:\/\/tregorsonore.fr\/wp-content\/uploads\/2021\/12\/IMG_20210626_115445-1-768x432.jpg 768w, https:\/\/tregorsonore.fr\/wp-content\/uploads\/2021\/12\/IMG_20210626_115445-1-1536x864.jpg 1536w, https:\/\/tregorsonore.fr\/wp-content\/uploads\/2021\/12\/IMG_20210626_115445-1-2048x1152.jpg 2048w, https:\/\/tregorsonore.fr\/wp-content\/uploads\/2021\/12\/IMG_20210626_115445-1-1200x675.jpg 1200w, https:\/\/tregorsonore.fr\/wp-content\/uploads\/2021\/12\/IMG_20210626_115445-1-1980x1114.jpg 1980w\" sizes=\"auto, (max-width: 767px) 89vw, (max-width: 1000px) 54vw, (max-width: 1071px) 543px, 580px\" \/><\/a><\/figure><\/li><li class=\"blocks-gallery-item\"><figure><a href=\"http:\/\/tregorsonore.fr\/wp-content\/uploads\/2021\/12\/IMG_20210625_185254-scaled.jpg\"><img loading=\"lazy\" decoding=\"async\" width=\"576\" height=\"1024\" src=\"http:\/\/tregorsonore.fr\/wp-content\/uploads\/2021\/12\/IMG_20210625_185254-576x1024.jpg\" alt=\"\" data-id=\"88\" data-full-url=\"http:\/\/tregorsonore.fr\/wp-content\/uploads\/2021\/12\/IMG_20210625_185254-scaled.jpg\" data-link=\"http:\/\/tregorsonore.fr\/?attachment_id=88\" class=\"wp-image-88\" srcset=\"https:\/\/tregorsonore.fr\/wp-content\/uploads\/2021\/12\/IMG_20210625_185254-576x1024.jpg 576w, https:\/\/tregorsonore.fr\/wp-content\/uploads\/2021\/12\/IMG_20210625_185254-169x300.jpg 169w, https:\/\/tregorsonore.fr\/wp-content\/uploads\/2021\/12\/IMG_20210625_185254-768x1365.jpg 768w, https:\/\/tregorsonore.fr\/wp-content\/uploads\/2021\/12\/IMG_20210625_185254-864x1536.jpg 864w, https:\/\/tregorsonore.fr\/wp-content\/uploads\/2021\/12\/IMG_20210625_185254-1152x2048.jpg 1152w, https:\/\/tregorsonore.fr\/wp-content\/uploads\/2021\/12\/IMG_20210625_185254-1200x2133.jpg 1200w, https:\/\/tregorsonore.fr\/wp-content\/uploads\/2021\/12\/IMG_20210625_185254-1980x3520.jpg 1980w, https:\/\/tregorsonore.fr\/wp-content\/uploads\/2021\/12\/IMG_20210625_185254-scaled.jpg 1440w\" sizes=\"auto, (max-width: 576px) 100vw, 576px\" \/><\/a><\/figure><\/li><li class=\"blocks-gallery-item\"><figure><a href=\"http:\/\/tregorsonore.fr\/wp-content\/uploads\/2021\/12\/IMG_20210625_184937-scaled.jpg\"><img loading=\"lazy\" decoding=\"async\" width=\"1024\" height=\"576\" src=\"http:\/\/tregorsonore.fr\/wp-content\/uploads\/2021\/12\/IMG_20210625_184937-1024x576.jpg\" alt=\"\" data-id=\"89\" data-full-url=\"http:\/\/tregorsonore.fr\/wp-content\/uploads\/2021\/12\/IMG_20210625_184937-scaled.jpg\" data-link=\"http:\/\/tregorsonore.fr\/?attachment_id=89\" class=\"wp-image-89\" srcset=\"https:\/\/tregorsonore.fr\/wp-content\/uploads\/2021\/12\/IMG_20210625_184937-1024x576.jpg 1024w, https:\/\/tregorsonore.fr\/wp-content\/uploads\/2021\/12\/IMG_20210625_184937-300x169.jpg 300w, https:\/\/tregorsonore.fr\/wp-content\/uploads\/2021\/12\/IMG_20210625_184937-768x432.jpg 768w, https:\/\/tregorsonore.fr\/wp-content\/uploads\/2021\/12\/IMG_20210625_184937-1536x864.jpg 1536w, https:\/\/tregorsonore.fr\/wp-content\/uploads\/2021\/12\/IMG_20210625_184937-2048x1152.jpg 2048w, https:\/\/tregorsonore.fr\/wp-content\/uploads\/2021\/12\/IMG_20210625_184937-1200x675.jpg 1200w, https:\/\/tregorsonore.fr\/wp-content\/uploads\/2021\/12\/IMG_20210625_184937-1980x1114.jpg 1980w\" sizes=\"auto, (max-width: 767px) 89vw, (max-width: 1000px) 54vw, (max-width: 1071px) 543px, 580px\" \/><\/a><\/figure><\/li><li class=\"blocks-gallery-item\"><figure><a href=\"http:\/\/tregorsonore.fr\/wp-content\/uploads\/2021\/12\/IMG_20210625_183536-scaled.jpg\"><img loading=\"lazy\" decoding=\"async\" width=\"1024\" height=\"576\" src=\"http:\/\/tregorsonore.fr\/wp-content\/uploads\/2021\/12\/IMG_20210625_183536-1024x576.jpg\" alt=\"\" data-id=\"90\" data-full-url=\"http:\/\/tregorsonore.fr\/wp-content\/uploads\/2021\/12\/IMG_20210625_183536-scaled.jpg\" data-link=\"http:\/\/tregorsonore.fr\/?attachment_id=90\" class=\"wp-image-90\" srcset=\"https:\/\/tregorsonore.fr\/wp-content\/uploads\/2021\/12\/IMG_20210625_183536-1024x576.jpg 1024w, https:\/\/tregorsonore.fr\/wp-content\/uploads\/2021\/12\/IMG_20210625_183536-300x169.jpg 300w, https:\/\/tregorsonore.fr\/wp-content\/uploads\/2021\/12\/IMG_20210625_183536-768x432.jpg 768w, https:\/\/tregorsonore.fr\/wp-content\/uploads\/2021\/12\/IMG_20210625_183536-1536x864.jpg 1536w, https:\/\/tregorsonore.fr\/wp-content\/uploads\/2021\/12\/IMG_20210625_183536-2048x1152.jpg 2048w, https:\/\/tregorsonore.fr\/wp-content\/uploads\/2021\/12\/IMG_20210625_183536-1200x675.jpg 1200w, https:\/\/tregorsonore.fr\/wp-content\/uploads\/2021\/12\/IMG_20210625_183536-1980x1114.jpg 1980w\" sizes=\"auto, (max-width: 767px) 89vw, (max-width: 1000px) 54vw, (max-width: 1071px) 543px, 580px\" \/><\/a><\/figure><\/li><li class=\"blocks-gallery-item\"><figure><a href=\"http:\/\/tregorsonore.fr\/wp-content\/uploads\/2021\/12\/IMG_20210625_183514-scaled.jpg\"><img loading=\"lazy\" decoding=\"async\" width=\"1024\" height=\"576\" src=\"http:\/\/tregorsonore.fr\/wp-content\/uploads\/2021\/12\/IMG_20210625_183514-1024x576.jpg\" alt=\"\" data-id=\"91\" data-full-url=\"http:\/\/tregorsonore.fr\/wp-content\/uploads\/2021\/12\/IMG_20210625_183514-scaled.jpg\" data-link=\"http:\/\/tregorsonore.fr\/?attachment_id=91\" class=\"wp-image-91\" srcset=\"https:\/\/tregorsonore.fr\/wp-content\/uploads\/2021\/12\/IMG_20210625_183514-1024x576.jpg 1024w, https:\/\/tregorsonore.fr\/wp-content\/uploads\/2021\/12\/IMG_20210625_183514-300x169.jpg 300w, https:\/\/tregorsonore.fr\/wp-content\/uploads\/2021\/12\/IMG_20210625_183514-768x432.jpg 768w, https:\/\/tregorsonore.fr\/wp-content\/uploads\/2021\/12\/IMG_20210625_183514-1536x864.jpg 1536w, https:\/\/tregorsonore.fr\/wp-content\/uploads\/2021\/12\/IMG_20210625_183514-2048x1152.jpg 2048w, https:\/\/tregorsonore.fr\/wp-content\/uploads\/2021\/12\/IMG_20210625_183514-1200x675.jpg 1200w, https:\/\/tregorsonore.fr\/wp-content\/uploads\/2021\/12\/IMG_20210625_183514-1980x1114.jpg 1980w\" sizes=\"auto, (max-width: 767px) 89vw, (max-width: 1000px) 54vw, (max-width: 1071px) 543px, 580px\" \/><\/a><\/figure><\/li><li class=\"blocks-gallery-item\"><figure><a href=\"http:\/\/tregorsonore.fr\/wp-content\/uploads\/2021\/12\/IMG_20210625_183439-scaled.jpg\"><img loading=\"lazy\" decoding=\"async\" width=\"1024\" height=\"576\" src=\"http:\/\/tregorsonore.fr\/wp-content\/uploads\/2021\/12\/IMG_20210625_183439-1024x576.jpg\" alt=\"\" data-id=\"92\" data-full-url=\"http:\/\/tregorsonore.fr\/wp-content\/uploads\/2021\/12\/IMG_20210625_183439-scaled.jpg\" data-link=\"http:\/\/tregorsonore.fr\/?attachment_id=92\" class=\"wp-image-92\" srcset=\"https:\/\/tregorsonore.fr\/wp-content\/uploads\/2021\/12\/IMG_20210625_183439-1024x576.jpg 1024w, https:\/\/tregorsonore.fr\/wp-content\/uploads\/2021\/12\/IMG_20210625_183439-300x169.jpg 300w, https:\/\/tregorsonore.fr\/wp-content\/uploads\/2021\/12\/IMG_20210625_183439-768x432.jpg 768w, https:\/\/tregorsonore.fr\/wp-content\/uploads\/2021\/12\/IMG_20210625_183439-1536x864.jpg 1536w, https:\/\/tregorsonore.fr\/wp-content\/uploads\/2021\/12\/IMG_20210625_183439-2048x1152.jpg 2048w, https:\/\/tregorsonore.fr\/wp-content\/uploads\/2021\/12\/IMG_20210625_183439-1200x675.jpg 1200w, https:\/\/tregorsonore.fr\/wp-content\/uploads\/2021\/12\/IMG_20210625_183439-1980x1114.jpg 1980w\" sizes=\"auto, (max-width: 767px) 89vw, (max-width: 1000px) 54vw, (max-width: 1071px) 543px, 580px\" \/><\/a><\/figure><\/li><\/ul><\/figure>\n\n\n\n<figure class=\"wp-block-image size-large\"><img loading=\"lazy\" decoding=\"async\" width=\"1024\" height=\"55\" src=\"http:\/\/tregorsonore.fr\/wp-content\/uploads\/2021\/12\/onde-copie-1024x55.png\" alt=\"\" class=\"wp-image-13\" srcset=\"https:\/\/tregorsonore.fr\/wp-content\/uploads\/2021\/12\/onde-copie-1024x55.png 1024w, https:\/\/tregorsonore.fr\/wp-content\/uploads\/2021\/12\/onde-copie-300x16.png 300w, https:\/\/tregorsonore.fr\/wp-content\/uploads\/2021\/12\/onde-copie-768x41.png 768w, https:\/\/tregorsonore.fr\/wp-content\/uploads\/2021\/12\/onde-copie-1200x64.png 1200w, https:\/\/tregorsonore.fr\/wp-content\/uploads\/2021\/12\/onde-copie.png 1479w\" sizes=\"auto, (max-width: 767px) 89vw, (max-width: 1000px) 54vw, (max-width: 1071px) 543px, 580px\" \/><\/figure>\n\n\n\n<h2 class=\"wp-block-heading\">Sonf\u00e9rence N\u00b03-1 : <\/h2>\n\n\n\n<h3 class=\"wp-block-heading\"><strong>25 juin 2021<\/strong><\/h3>\n\n\n\n<h3 class=\"wp-block-heading\" id=\"dulabo\"><strong>Du labo au studio : m\u00e9thodes et phases de travail dans la conception d\u2019un microphone (20h00 &#8211; 21h30)<\/strong><\/h3>\n\n\n\n<p>Les haut-parleurs et les microphones transforment les vibrations acoustiques en vibrations \u00e9lectriques et inversement. \u00c0 leur conception, ces machines complexes n\u00e9cessitent un travail d&#8217;orf\u00e8vre et doivent \u00eatre accord\u00e9es comme des vrais instruments de musique. Deux \u00e9lectroniciens et un acousticien parleront des m\u00e9thodes et des techniques n\u00e9cessaires pour mener \u00e0 terme leurs projets avec une qualit\u00e9 sonore digne du savoir-faire tr\u00e9gorrois.<\/p>\n\n\n\n<figure class=\"wp-block-embed is-type-video is-provider-youtube wp-block-embed-youtube wp-embed-aspect-16-9 wp-has-aspect-ratio\"><div class=\"wp-block-embed__wrapper\">\n<iframe loading=\"lazy\" title=\"Sonf\u00e9rence N\u00b03 - 1 DU LABO AU STUDIO\" width=\"525\" height=\"295\" src=\"https:\/\/www.youtube.com\/embed\/oMG1XVgrxII?feature=oembed\" frameborder=\"0\" allow=\"accelerometer; autoplay; clipboard-write; encrypted-media; gyroscope; picture-in-picture; web-share\" referrerpolicy=\"strict-origin-when-cross-origin\" allowfullscreen><\/iframe>\n<\/div><\/figure>\n\n\n\n<div class=\"wp-block-buttons is-content-justification-center is-layout-flex wp-block-buttons-is-layout-flex\">\n<div class=\"wp-block-button\"><a class=\"wp-block-button__link\" href=\"https:\/\/www.youtube.com\/watch?v=oMG1XVgrxII\" style=\"border-radius:50px\" target=\"_blank\" rel=\"noreferrer noopener\">Voir en video<\/a><\/div>\n<\/div>\n\n\n\n<figure class=\"wp-block-image size-full\"><img loading=\"lazy\" decoding=\"async\" width=\"1024\" height=\"55\" src=\"https:\/\/tregorsonore.fr\/wp-content\/uploads\/2021\/12\/onde-copie-1024x55-1.png\" alt=\"\" class=\"wp-image-174\" srcset=\"https:\/\/tregorsonore.fr\/wp-content\/uploads\/2021\/12\/onde-copie-1024x55-1.png 1024w, https:\/\/tregorsonore.fr\/wp-content\/uploads\/2021\/12\/onde-copie-1024x55-1-300x16.png 300w, https:\/\/tregorsonore.fr\/wp-content\/uploads\/2021\/12\/onde-copie-1024x55-1-768x41.png 768w\" sizes=\"auto, (max-width: 767px) 89vw, (max-width: 1000px) 54vw, (max-width: 1071px) 543px, 580px\" \/><\/figure>\n\n\n\n<h3 class=\"wp-block-heading\" id=\"analogique\"><strong>26 juin 2021<\/strong><\/h3>\n\n\n\n<h3 class=\"wp-block-heading\"><strong>Le son analogique, le vintage au go\u00fbt du jour (14h00 &#8211; 15H30)<\/strong><\/h3>\n\n\n\n<ul class=\"wp-block-list\"><li><strong>Ma\u00ebl Bellec<\/strong>, Sonj, Guingamp<\/li><li><strong>Christophe Chavanon<\/strong>, Kerwax, Loguivy Plougras<\/li><li><strong>Christophe Martinez<\/strong>, Analog Audio Design, Pleumeur-Bodou<\/li><\/ul>\n\n\n\n<p>Le son de la voix, le cr\u00e9pitement de la pluie, le chant des oiseaux, comme tous les sons que nous percevons, sont des vibrations de l\u2019air qui arrivent jusqu\u2019\u00e0 nos oreilles. Lorsqu\u2019il s\u2019agit d\u2019enregistrer, de traiter ou de stocker la mati\u00e8re sonore, il est n\u00e9cessaire de convertir ces vibrations acoustiques en vibrations \u00e9lectriques.&nbsp;<\/p>\n\n\n\n<p>Aujourd&#8217;hui, la repr\u00e9sentation de ces vibrations par des s\u00e9ries de chiffres utilisables dans un ordinateur est majoritaire ; c\u2019est ce qu\u2019on appelle le son num\u00e9rique. Lorsque la modulation \u00e9lectrique est conserv\u00e9e tout au long de la cha\u00eene de production et que le stockage r\u00e9sulte de la variation du champ \u00e9lectromagn\u00e9tique sur une bande ou depuis la gravure d\u2019un sillon sur un disque en vinyle, on parle alors de <em>son analogique<\/em>. C\u2019\u00e9tait la seule approche technologique jusqu\u2019\u00e0 la d\u00e9mocratisation de la conversion analogique-num\u00e9rique dans les ann\u00e9es 80.<\/p>\n\n\n\n<p>Le Tr\u00e9gor est pourtant \u00e0 la pointe de cette approche analogique du son avec des entreprises comme Analog Audio Design, Kerwax, et Sonj. Ces \u201cr\u00e9sistants\u201d, passionn\u00e9s du son analogique, le fa\u00e7onnent au quotidien, y glissent de l\u2019innovation, d\u00e9veloppent de nouveaux outils en s\u2019appuyant sur les technologies d\u2019aujourd\u2019hui.<\/p>\n\n\n\n<p>Le Tr\u00e9gor Sonore accueille ces trois entreprises : Christophe Martinez, Christophe Chavanon et Ma\u00ebl Bellec pour nous parler de son analogique, et nous pr\u00e9senter leur m\u00e9thode de travail et leurs innovations techniques.<\/p>\n\n\n\n<figure class=\"wp-block-embed is-type-video is-provider-youtube wp-block-embed-youtube wp-embed-aspect-16-9 wp-has-aspect-ratio\"><div class=\"wp-block-embed__wrapper\">\n<iframe loading=\"lazy\" title=\"Sonf\u00e9rence N\u00b03 - 2 Le son analogique, le vintage au go\u00fbt du jour\" width=\"525\" height=\"295\" src=\"https:\/\/www.youtube.com\/embed\/zwxbpFyPHhU?feature=oembed\" frameborder=\"0\" allow=\"accelerometer; autoplay; clipboard-write; encrypted-media; gyroscope; picture-in-picture; web-share\" referrerpolicy=\"strict-origin-when-cross-origin\" allowfullscreen><\/iframe>\n<\/div><\/figure>\n\n\n\n<div class=\"wp-block-buttons is-content-justification-center is-layout-flex wp-block-buttons-is-layout-flex\">\n<div class=\"wp-block-button\"><a class=\"wp-block-button__link\" href=\"https:\/\/www.youtube.com\/watch?v=zwxbpFyPHhU\" style=\"border-radius:50px\" target=\"_blank\" rel=\"noreferrer noopener\">voir en video<\/a><\/div>\n<\/div>\n\n\n\n<figure class=\"wp-block-image size-large\"><img loading=\"lazy\" decoding=\"async\" width=\"1024\" height=\"55\" src=\"http:\/\/tregorsonore.fr\/wp-content\/uploads\/2021\/12\/onde-copie-1024x55.png\" alt=\"\" class=\"wp-image-13\" srcset=\"https:\/\/tregorsonore.fr\/wp-content\/uploads\/2021\/12\/onde-copie-1024x55.png 1024w, https:\/\/tregorsonore.fr\/wp-content\/uploads\/2021\/12\/onde-copie-300x16.png 300w, https:\/\/tregorsonore.fr\/wp-content\/uploads\/2021\/12\/onde-copie-768x41.png 768w, https:\/\/tregorsonore.fr\/wp-content\/uploads\/2021\/12\/onde-copie-1200x64.png 1200w, https:\/\/tregorsonore.fr\/wp-content\/uploads\/2021\/12\/onde-copie.png 1479w\" sizes=\"auto, (max-width: 767px) 89vw, (max-width: 1000px) 54vw, (max-width: 1071px) 543px, 580px\" \/><\/figure>\n\n\n\n<h3 class=\"wp-block-heading\" id=\"patrimoine\"><strong>26 juin 2021<\/strong><\/h3>\n\n\n\n<h3 class=\"wp-block-heading\"><strong>Un voyage au XVIIIe si\u00e8cle en son 3D, le binaural dans une exp\u00e9rience patrimoniale (16h15 &#8211; 17h45)<\/strong><\/h3>\n\n\n\n<ul class=\"wp-block-list\"><li><strong>Pascal Rueff<\/strong>, L\u2019agence du verbe, Plouec du Trieux<\/li><li><strong>Agathe Candela<\/strong>, Aquarium marin &amp; Plan\u00e9tarium, LTC<\/li><\/ul>\n\n\n\n<p>Il y a vingt ans, le binaural occupait les laboratoires et les zones de test des industriels. Il est aujourd\u2019hui \u00e0 la pointe d\u2019une nouvelle pr\u00e9valence du son, documentaire, narrative, avec les podcasts, ou contigu\u00eb \u00e0 l\u2019image 3D avec l\u2019immersion sonore. D\u00e9placer le client, le joueur, le visiteur dans une r\u00e9alit\u00e9 m\u00e9diatique mais cr\u00e9dible, voil\u00e0 l\u2019enjeu.<\/p>\n\n\n\n<p>Le Centre des Monuments nationaux (CMN) g\u00e8re en France une centaine de sites patrimoniaux et, depuis 2015, l\u2019H\u00f4tel de la Marine, haut lieu parisien de l\u2019artisanat du 18e. Ferm\u00e9 au public depuis deux si\u00e8cles, le b\u00e2timent a connu les fastes de la royaut\u00e9, la R\u00e9volution fran\u00e7aise, l\u2019occupation allemande et l\u2019administration de la Marine.<\/p>\n\n\n\n<p>Ramen\u00e9 \u00e0 son \u00e9tat originel de Garde-meuble du Roi, l\u2019H\u00f4tel de la Marine est d\u00e9sormais l\u2019\u00e9crin, quasi intact, d\u2019un temps disparu. Pour le parcourir, le CMN fait le pari d\u2019abandonner les cartels, les images rapport\u00e9es, le commentaire, et d\u00e9ploie sa m\u00e9diation par le binaural.<\/p>\n\n\n\n<p>Pascal Rueff, initi\u00e9 d\u00e9but 2000 au binaural par la chercheuse Rozenn Nicol, a r\u00e9alis\u00e9 les parcours immersifs produits par Radio France et nous en d\u00e9taille les enjeux technologiques, culturels et touristiques. Cette Sonf\u00e9rence prend la forme d\u2019un entretien avec Agathe Candela, directrice de l\u2019Aquarium marin de Tr\u00e9gastel et du Plan\u00e9tarium de Plomeur-Bodou.<\/p>\n\n\n\n<figure class=\"wp-block-embed is-type-video is-provider-youtube wp-block-embed-youtube wp-embed-aspect-16-9 wp-has-aspect-ratio\"><div class=\"wp-block-embed__wrapper\">\n<iframe loading=\"lazy\" title=\"Sonf\u00e9rence N\u00b0 3 - 3 Un voyage au XVIIIe si\u00e8cle en son 3D\" width=\"525\" height=\"295\" src=\"https:\/\/www.youtube.com\/embed\/nTt9DSk8Y6c?feature=oembed\" frameborder=\"0\" allow=\"accelerometer; autoplay; clipboard-write; encrypted-media; gyroscope; picture-in-picture; web-share\" referrerpolicy=\"strict-origin-when-cross-origin\" allowfullscreen><\/iframe>\n<\/div><\/figure>\n\n\n\n<div class=\"wp-block-buttons is-content-justification-center is-layout-flex wp-block-buttons-is-layout-flex\">\n<div class=\"wp-block-button\"><a class=\"wp-block-button__link\" href=\"https:\/\/youtu.be\/nTt9DSk8Y6c\" style=\"border-radius:50px\" target=\"_blank\" rel=\"noreferrer noopener\">Voir en video<\/a><\/div>\n<\/div>\n\n\n\n<figure class=\"wp-block-image size-large\"><img loading=\"lazy\" decoding=\"async\" width=\"1024\" height=\"55\" src=\"http:\/\/tregorsonore.fr\/wp-content\/uploads\/2021\/12\/onde-copie-1024x55.png\" alt=\"\" class=\"wp-image-13\" srcset=\"https:\/\/tregorsonore.fr\/wp-content\/uploads\/2021\/12\/onde-copie-1024x55.png 1024w, https:\/\/tregorsonore.fr\/wp-content\/uploads\/2021\/12\/onde-copie-300x16.png 300w, https:\/\/tregorsonore.fr\/wp-content\/uploads\/2021\/12\/onde-copie-768x41.png 768w, https:\/\/tregorsonore.fr\/wp-content\/uploads\/2021\/12\/onde-copie-1200x64.png 1200w, https:\/\/tregorsonore.fr\/wp-content\/uploads\/2021\/12\/onde-copie.png 1479w\" sizes=\"auto, (max-width: 767px) 89vw, (max-width: 1000px) 54vw, (max-width: 1071px) 543px, 580px\" \/><\/figure>\n\n\n\n<div class=\"wp-block-image\"><figure class=\"aligncenter size-large\"><img loading=\"lazy\" decoding=\"async\" width=\"112\" height=\"49\" src=\"http:\/\/tregorsonore.fr\/wp-content\/uploads\/2021\/12\/LogoTS.png\" alt=\"Tregor Sonore\" class=\"wp-image-6\"\/><\/figure><\/div>\n\n\n\n<div class=\"wp-block-image\"><figure class=\"aligncenter size-large is-resized\"><img loading=\"lazy\" decoding=\"async\" src=\"http:\/\/tregorsonore.fr\/wp-content\/uploads\/2021\/12\/logos5-1024x397.png\" alt=\"\" class=\"wp-image-16\" width=\"356\" height=\"137\" srcset=\"https:\/\/tregorsonore.fr\/wp-content\/uploads\/2021\/12\/logos5-1024x397.png 1024w, https:\/\/tregorsonore.fr\/wp-content\/uploads\/2021\/12\/logos5-300x116.png 300w, https:\/\/tregorsonore.fr\/wp-content\/uploads\/2021\/12\/logos5-768x298.png 768w, https:\/\/tregorsonore.fr\/wp-content\/uploads\/2021\/12\/logos5-1536x596.png 1536w, https:\/\/tregorsonore.fr\/wp-content\/uploads\/2021\/12\/logos5-2048x795.png 2048w, https:\/\/tregorsonore.fr\/wp-content\/uploads\/2021\/12\/logos5-1200x466.png 1200w, https:\/\/tregorsonore.fr\/wp-content\/uploads\/2021\/12\/logos5-1980x768.png 1980w\" sizes=\"auto, (max-width: 356px) 100vw, 356px\" \/><\/figure><\/div>\n\n\n\n<figure class=\"wp-block-image size-large\"><img loading=\"lazy\" decoding=\"async\" width=\"1024\" height=\"55\" src=\"http:\/\/tregorsonore.fr\/wp-content\/uploads\/2021\/12\/onde-copie-1024x55.png\" alt=\"\" class=\"wp-image-13\" srcset=\"https:\/\/tregorsonore.fr\/wp-content\/uploads\/2021\/12\/onde-copie-1024x55.png 1024w, https:\/\/tregorsonore.fr\/wp-content\/uploads\/2021\/12\/onde-copie-300x16.png 300w, https:\/\/tregorsonore.fr\/wp-content\/uploads\/2021\/12\/onde-copie-768x41.png 768w, https:\/\/tregorsonore.fr\/wp-content\/uploads\/2021\/12\/onde-copie-1200x64.png 1200w, https:\/\/tregorsonore.fr\/wp-content\/uploads\/2021\/12\/onde-copie.png 1479w\" sizes=\"auto, (max-width: 767px) 89vw, (max-width: 1000px) 54vw, (max-width: 1071px) 543px, 580px\" \/><\/figure>\n\n\n\n<div class=\"wp-block-buttons is-content-justification-center is-layout-flex wp-block-buttons-is-layout-flex\">\n<div class=\"wp-block-button\"><a class=\"wp-block-button__link\" href=\"http:\/\/tregorsonore.fr\/index.php\/sonferences-du-tregor\/sonference-n2\/\">Sonf\u00e9rence N\u00b02<\/a><\/div>\n\n\n\n<div class=\"wp-block-button\"><a class=\"wp-block-button__link\" href=\"http:\/\/tregorsonore.fr\/index.php\/sonferences-du-tregor\/sonference-n4\/\">Sonf\u00e9rence N\u00b04<\/a><\/div>\n<\/div>\n\n\n\n<figure class=\"wp-block-image size-large\"><img loading=\"lazy\" decoding=\"async\" width=\"1024\" height=\"55\" src=\"http:\/\/tregorsonore.fr\/wp-content\/uploads\/2021\/12\/onde-copie-1024x55.png\" alt=\"\" class=\"wp-image-13\" srcset=\"https:\/\/tregorsonore.fr\/wp-content\/uploads\/2021\/12\/onde-copie-1024x55.png 1024w, https:\/\/tregorsonore.fr\/wp-content\/uploads\/2021\/12\/onde-copie-300x16.png 300w, https:\/\/tregorsonore.fr\/wp-content\/uploads\/2021\/12\/onde-copie-768x41.png 768w, https:\/\/tregorsonore.fr\/wp-content\/uploads\/2021\/12\/onde-copie-1200x64.png 1200w, https:\/\/tregorsonore.fr\/wp-content\/uploads\/2021\/12\/onde-copie.png 1479w\" sizes=\"auto, (max-width: 767px) 89vw, (max-width: 1000px) 54vw, (max-width: 1071px) 543px, 580px\" \/><\/figure>\n\n\n\n<figure class=\"wp-block-image size-large\"><img loading=\"lazy\" decoding=\"async\" width=\"595\" height=\"847\" src=\"http:\/\/tregorsonore.fr\/wp-content\/uploads\/2021\/12\/sonferenceN3_0.jpg\" alt=\"\" class=\"wp-image-86\" srcset=\"https:\/\/tregorsonore.fr\/wp-content\/uploads\/2021\/12\/sonferenceN3_0.jpg 595w, https:\/\/tregorsonore.fr\/wp-content\/uploads\/2021\/12\/sonferenceN3_0-211x300.jpg 211w\" sizes=\"auto, (max-width: 595px) 100vw, 595px\" \/><\/figure>\n\n\n\n<p><\/p>\n","protected":false},"excerpt":{"rendered":"<p>Salon Sonore 2021 25 et 26 juin 2021 En pr\u00e9sentiel et en direct \u00e0 la brasserie de K\u00e9rampont \u00e0 Lannion \u00ab Le savoir-faire local \u00bb : dans la troisi\u00e8me \u00e9dition des Sonf\u00e9rences, Le Tr\u00e9gor Sonore donne la parole aux acteurs locaux. Ce temps fort a pour objectif de permettre aux professionnels du domaine du son &hellip; <\/p>\n<p class=\"link-more\"><a href=\"https:\/\/tregorsonore.fr\/index.php\/sonferences-du-tregor\/sonferences-n3\/\" class=\"more-link\">Continue reading<span class=\"screen-reader-text\"> &#8220;N\u00b03 Le Savoir-Faire Local&#8221;<\/span><\/a><\/p>\n","protected":false},"author":1,"featured_media":0,"parent":33,"menu_order":0,"comment_status":"closed","ping_status":"closed","template":"","meta":{"footnotes":""},"class_list":["post-85","page","type-page","status-publish","hentry"],"_links":{"self":[{"href":"https:\/\/tregorsonore.fr\/index.php\/wp-json\/wp\/v2\/pages\/85","targetHints":{"allow":["GET"]}}],"collection":[{"href":"https:\/\/tregorsonore.fr\/index.php\/wp-json\/wp\/v2\/pages"}],"about":[{"href":"https:\/\/tregorsonore.fr\/index.php\/wp-json\/wp\/v2\/types\/page"}],"author":[{"embeddable":true,"href":"https:\/\/tregorsonore.fr\/index.php\/wp-json\/wp\/v2\/users\/1"}],"replies":[{"embeddable":true,"href":"https:\/\/tregorsonore.fr\/index.php\/wp-json\/wp\/v2\/comments?post=85"}],"version-history":[{"count":15,"href":"https:\/\/tregorsonore.fr\/index.php\/wp-json\/wp\/v2\/pages\/85\/revisions"}],"predecessor-version":[{"id":462,"href":"https:\/\/tregorsonore.fr\/index.php\/wp-json\/wp\/v2\/pages\/85\/revisions\/462"}],"up":[{"embeddable":true,"href":"https:\/\/tregorsonore.fr\/index.php\/wp-json\/wp\/v2\/pages\/33"}],"wp:attachment":[{"href":"https:\/\/tregorsonore.fr\/index.php\/wp-json\/wp\/v2\/media?parent=85"}],"curies":[{"name":"wp","href":"https:\/\/api.w.org\/{rel}","templated":true}]}}