{"id":854,"date":"2026-02-23T16:11:52","date_gmt":"2026-02-23T15:11:52","guid":{"rendered":"https:\/\/tregorsonore.fr\/?page_id=854"},"modified":"2026-02-23T16:11:52","modified_gmt":"2026-02-23T15:11:52","slug":"ag-2026","status":"publish","type":"page","link":"https:\/\/tregorsonore.fr\/index.php\/ag-2026\/","title":{"rendered":"AG 2026"},"content":{"rendered":"\n<p>le 24 janvier \u00e0 10h00 \u00e0 L\u2019ADIT<\/p>\n\n\n\n<div class=\"wp-block-media-text alignwide is-stacked-on-mobile\"><figure class=\"wp-block-media-text__media\"><img loading=\"lazy\" decoding=\"async\" width=\"1024\" height=\"1024\" src=\"http:\/\/tregorsonore.fr\/wp-content\/uploads\/2023\/01\/ag-1024x1024.png\" alt=\"\" class=\"wp-image-434 size-full\" srcset=\"https:\/\/tregorsonore.fr\/wp-content\/uploads\/2023\/01\/ag.png 1024w, https:\/\/tregorsonore.fr\/wp-content\/uploads\/2023\/01\/ag-300x300.png 300w, https:\/\/tregorsonore.fr\/wp-content\/uploads\/2023\/01\/ag-150x150.png 150w, https:\/\/tregorsonore.fr\/wp-content\/uploads\/2023\/01\/ag-768x768.png 768w, https:\/\/tregorsonore.fr\/wp-content\/uploads\/2023\/01\/ag-100x100.png 100w\" sizes=\"auto, (max-width: 767px) 89vw, (max-width: 1000px) 54vw, (max-width: 1071px) 543px, 580px\" \/><\/figure><div class=\"wp-block-media-text__content\">\n<p>Tr\u00e9gor Sonore vous souhaite une nouvelle ann\u00e9e charg\u00e9e de bonnes ondes et des sons, plein les oreilles.<\/p>\n\n\n\n<p class=\"has-black-color has-text-color has-link-color wp-elements-3a7403dea55d27fee602ae229308592e\">Cette ann\u00e9e l\u2019association d\u00e9marre ses activit\u00e9s avec son Assembl\u00e9e G\u00e9n\u00e9rale Ordinaire. Elle se tiendra le <strong> 5 mars<\/strong> prochain \u00e0 <strong>14h00<\/strong> dans les locaux de l\u2019ADIT \u00e0 Lannion (Maison des entreprises, 4 Rue de Broglie<br>Espace Corinne Erhel<br>22300 Lannion).<\/p>\n\n\n\n<p class=\"has-black-color has-text-color has-link-color wp-elements-0601ee67b742761d316a31b5a8306789\">Nous esp\u00e9rons vous voir nombreux.<\/p>\n<\/div><\/div>\n\n\n\n<div class=\"wp-block-buttons is-horizontal is-content-justification-center is-layout-flex wp-container-core-buttons-is-layout-499968f5 wp-block-buttons-is-layout-flex\">\n<div class=\"wp-block-button\"><a class=\"wp-block-button__link wp-element-button\" href=\"https:\/\/www.helloasso.com\/associations\/tregor-sonore\/adhesions\/adhesion-2025\" target=\"_blank\" rel=\"noreferrer noopener\">Adh\u00e9sion 2026<\/a><\/div>\n<\/div>\n\n\n\n<figure class=\"wp-block-image\"><img loading=\"lazy\" decoding=\"async\" width=\"1024\" height=\"55\" src=\"http:\/\/tregorsonore.fr\/wp-content\/uploads\/2021\/12\/onde-copie-1024x55-1.png\" alt=\"\" class=\"wp-image-174\" srcset=\"https:\/\/tregorsonore.fr\/wp-content\/uploads\/2021\/12\/onde-copie-1024x55-1.png 1024w, https:\/\/tregorsonore.fr\/wp-content\/uploads\/2021\/12\/onde-copie-1024x55-1-300x16.png 300w, https:\/\/tregorsonore.fr\/wp-content\/uploads\/2021\/12\/onde-copie-1024x55-1-768x41.png 768w\" sizes=\"auto, (max-width: 767px) 89vw, (max-width: 1000px) 54vw, (max-width: 1071px) 543px, 580px\" \/><\/figure>\n\n\n\n<p>\u00c0 L\u2019ORDRE DU JOUR :<\/p>\n\n\n\n<ol class=\"wp-block-list\">\n<li>pr\u00e9sentation du rapport moral 2024 et 2025,<\/li>\n\n\n\n<li>pr\u00e9sentation du rapport d\u2019activit\u00e9 et de gestion pour 2024 et 2025,<\/li>\n\n\n\n<li>rapport financier  2024 et 2025,<\/li>\n\n\n\n<li>r\u00e9vision et modification des statuts de l&#8217;association,<\/li>\n\n\n\n<li>Actions de l\u2019association en 2026\n<ul class=\"wp-block-list\">\n<li>discussion et vote \u00e0 main lev\u00e9e de ces diff\u00e9rents rapports ; affectation du r\u00e9sultat ; fixation du montant de l\u2019adh\u00e9sion annuelle \u00e0 l\u2019association (actuellement de 10\u20ac pour les personnes physiques et 50\u20ac pour les personnes morales).<\/li>\n\n\n\n<li>modalit\u00e9s de pr\u00eat et mise \u00e0 disposition du mat\u00e9riel de l\u2019association,<\/li>\n\n\n\n<li>d\u00e9finition des activit\u00e9s de l\u2019association en 2026,<\/li>\n<\/ul>\n<\/li>\n\n\n\n<li>\u00e9lection des membres au conseil d\u2019administration.<\/li>\n<\/ol>\n\n\n\n<figure class=\"wp-block-image\"><img loading=\"lazy\" decoding=\"async\" width=\"1024\" height=\"55\" src=\"http:\/\/tregorsonore.fr\/wp-content\/uploads\/2021\/12\/onde-copie-1024x55-1.png\" alt=\"\" class=\"wp-image-174\" srcset=\"https:\/\/tregorsonore.fr\/wp-content\/uploads\/2021\/12\/onde-copie-1024x55-1.png 1024w, https:\/\/tregorsonore.fr\/wp-content\/uploads\/2021\/12\/onde-copie-1024x55-1-300x16.png 300w, https:\/\/tregorsonore.fr\/wp-content\/uploads\/2021\/12\/onde-copie-1024x55-1-768x41.png 768w\" sizes=\"auto, (max-width: 767px) 89vw, (max-width: 1000px) 54vw, (max-width: 1071px) 543px, 580px\" \/><\/figure>\n\n\n\n<p>PROCURATIONS :<\/p>\n\n\n\n<p>Si vous \u00eates dans l\u2019incapacit\u00e9 d\u2019assister \u00e0 cette assembl\u00e9e g\u00e9n\u00e9rale, vous pouvez vous faire repr\u00e9senter, c\u2019est-\u00e0-dire donner votre pouvoir \u00e0 un\u00b7e adh\u00e9rent\u00b7e qui votera \u00e0 votre place.<\/p>\n\n\n\n<figure class=\"wp-block-image\"><img loading=\"lazy\" decoding=\"async\" width=\"1024\" height=\"55\" src=\"http:\/\/tregorsonore.fr\/wp-content\/uploads\/2021\/12\/onde-copie-1024x55-1.png\" alt=\"\" class=\"wp-image-174\" srcset=\"https:\/\/tregorsonore.fr\/wp-content\/uploads\/2021\/12\/onde-copie-1024x55-1.png 1024w, https:\/\/tregorsonore.fr\/wp-content\/uploads\/2021\/12\/onde-copie-1024x55-1-300x16.png 300w, https:\/\/tregorsonore.fr\/wp-content\/uploads\/2021\/12\/onde-copie-1024x55-1-768x41.png 768w\" sizes=\"auto, (max-width: 767px) 89vw, (max-width: 1000px) 54vw, (max-width: 1071px) 543px, 580px\" \/><\/figure>\n\n\n\n<p>APPEL \u00c0 CANDIDATURE<\/p>\n\n\n\n<p>Les adh\u00e9rent\u00b7e\u00b7s sont repr\u00e9sent\u00e9\u00b7e\u00b7s au sein de l\u2019association Tr\u00e9gor Sonore par le conseil d\u2019administration et le bureau \u00e9lues par l\u2019Assembl\u00e9e G\u00e9n\u00e9rale ordinaire.<\/p>\n\n\n\n<p>Actuellement, ces membres sont au nombre de huit :<\/p>\n\n\n\n<ul class=\"wp-block-list\">\n<li>Ma\u00ebl Bellec<\/li>\n\n\n\n<li>Christophe Martinez<\/li>\n\n\n\n<li>Philippe Olivier<\/li>\n\n\n\n<li>Pascal Rueff&nbsp;<\/li>\n\n\n\n<li>Pascal Scalart<\/li>\n\n\n\n<li>Laurent FEICHTER (Tr\u00e9sorier)<\/li>\n\n\n\n<li>Jean-Yves Montfort (Secr\u00e9taire)<\/li>\n\n\n\n<li>Julian Palacino (Pr\u00e9sident)<\/li>\n<\/ul>\n\n\n\n<p>La dur\u00e9e du mandat est de 3 ans. Les postes peuvent \u00eatre remplac\u00e9s o\u00f9 renouvel\u00e9s lors de l\u2019assembl\u00e9e g\u00e9n\u00e9rale et les membres \u00e9lu\u00b7e\u00b7s peuvent se repr\u00e9senter.<\/p>\n\n\n\n<figure class=\"wp-block-image\"><img loading=\"lazy\" decoding=\"async\" width=\"1024\" height=\"55\" src=\"http:\/\/tregorsonore.fr\/wp-content\/uploads\/2021\/12\/onde-copie-1024x55-1.png\" alt=\"\" class=\"wp-image-174\" srcset=\"https:\/\/tregorsonore.fr\/wp-content\/uploads\/2021\/12\/onde-copie-1024x55-1.png 1024w, https:\/\/tregorsonore.fr\/wp-content\/uploads\/2021\/12\/onde-copie-1024x55-1-300x16.png 300w, https:\/\/tregorsonore.fr\/wp-content\/uploads\/2021\/12\/onde-copie-1024x55-1-768x41.png 768w\" sizes=\"auto, (max-width: 767px) 89vw, (max-width: 1000px) 54vw, (max-width: 1071px) 543px, 580px\" \/><\/figure>\n\n\n\n<p>Nous vous esp\u00e9rons nombreux\u00b7ses \u00e0 cette Assembl\u00e9e G\u00e9n\u00e9rale.<\/p>\n","protected":false},"excerpt":{"rendered":"<p>le 24 janvier \u00e0 10h00 \u00e0 L\u2019ADIT Tr\u00e9gor Sonore vous souhaite une nouvelle ann\u00e9e charg\u00e9e de bonnes ondes et des sons, plein les oreilles. Cette ann\u00e9e l\u2019association d\u00e9marre ses activit\u00e9s avec son Assembl\u00e9e G\u00e9n\u00e9rale Ordinaire. Elle se tiendra le 5 mars prochain \u00e0 14h00 dans les locaux de l\u2019ADIT \u00e0 Lannion (Maison des entreprises, 4 &hellip; <\/p>\n<p class=\"link-more\"><a href=\"https:\/\/tregorsonore.fr\/index.php\/ag-2026\/\" class=\"more-link\">Continue reading<span class=\"screen-reader-text\"> &#8220;AG 2026&#8221;<\/span><\/a><\/p>\n","protected":false},"author":1,"featured_media":434,"parent":0,"menu_order":0,"comment_status":"closed","ping_status":"closed","template":"","meta":{"footnotes":""},"class_list":["post-854","page","type-page","status-publish","has-post-thumbnail","hentry"],"_links":{"self":[{"href":"https:\/\/tregorsonore.fr\/index.php\/wp-json\/wp\/v2\/pages\/854","targetHints":{"allow":["GET"]}}],"collection":[{"href":"https:\/\/tregorsonore.fr\/index.php\/wp-json\/wp\/v2\/pages"}],"about":[{"href":"https:\/\/tregorsonore.fr\/index.php\/wp-json\/wp\/v2\/types\/page"}],"author":[{"embeddable":true,"href":"https:\/\/tregorsonore.fr\/index.php\/wp-json\/wp\/v2\/users\/1"}],"replies":[{"embeddable":true,"href":"https:\/\/tregorsonore.fr\/index.php\/wp-json\/wp\/v2\/comments?post=854"}],"version-history":[{"count":3,"href":"https:\/\/tregorsonore.fr\/index.php\/wp-json\/wp\/v2\/pages\/854\/revisions"}],"predecessor-version":[{"id":858,"href":"https:\/\/tregorsonore.fr\/index.php\/wp-json\/wp\/v2\/pages\/854\/revisions\/858"}],"wp:featuredmedia":[{"embeddable":true,"href":"https:\/\/tregorsonore.fr\/index.php\/wp-json\/wp\/v2\/media\/434"}],"wp:attachment":[{"href":"https:\/\/tregorsonore.fr\/index.php\/wp-json\/wp\/v2\/media?parent=854"}],"curies":[{"name":"wp","href":"https:\/\/api.w.org\/{rel}","templated":true}]}}